lse
Does 87 divide 356?
False
Is 25 a multiple of 13?
False
Is 7 a factor of 8323?
True
Does 3 divide 2018?
False
Is 854 a multiple of 6?
False
Does 9 divide 200?
False
Is 275 a factor of 83346?
False
Does 16 divide 176?
True
Is 13209 a multiple of 224?
False
Does 105 divide 6983?
False
Is 778 even?
True
Does 119 divide 13906?
False
Does 8 divide 1968?
True
Is 182 a multiple of 17?
False
Is 56 a factor of 2071?
False
Is 4088 a multiple of 8?
True
Is 47 a factor of 59776?
False
Is 9312 a multiple of 24?
True
Does 35 divide 38255?
True
Is 21 a factor of 79?
False
Is 6824 a multiple of 27?
False
Is 1239 a multiple of 13?
False
Is 4964 a multiple of 73?
True
Is 146 a factor of 89829?
False
Is 125 a multiple of 5?
True
Is 11 a factor of 9669?
True
Does 14 divide 378?
True
Is 1209 a multiple of 31?
True
Does 26 divide 28236?
True
Does 4 divide 512?
True
Is 28 a factor of 24556?
True
Is 10 a factor of 458?
False
Is 506 a multiple of 11?
True
Does 9 divide 37877?
False
Does 9 divide 685?
False
Does 217 divide 22502?
False
Is 61 a factor of 2562?
True
Is 97 a factor of 3597?
False
Is 44784 a multiple of 16?
True
Is 14 a factor of 537?
False
Is 156 a factor of 101283?
False
Is 248 a factor of 68944?
True
Is 60 a multiple of 30?
True
Does 14 divide 17486?
True
Is 879 a multiple of 27?
False
Is 892 a multiple of 5?
False
Is 13 a factor of 6435?
True
Does 56 divide 183?
False
Does 20 divide 860?
True
Is 261 even?
False
Is 142 a factor of 3550?
True
Is 13 a factor of 2834?
True
Is 5 a factor of 225?
True
Is 665 a multiple of 8?
False
Does 23 divide 36041?
True
Is 8 a factor of 844?
False
Is 12 a factor of 242?
False
Does 2 divide 45?
False
Does 6 divide 864?
True
Does 137 divide 23043?
False
Is 12 a factor of 2132?
False
Is 120 a factor of 2520?
True
Does 11 divide 623?
False
Is 4127 a multiple of 18?
False
Does 49 divide 21903?
True
Is 49 a factor of 7546?
True
Is 746 a multiple of 20?
False
Is 2790 a multiple of 9?
True
Is 14 a factor of 13799?
False
Is 17 a multiple of 17?
True
Does 37 divide 481?
True
Is 1006 a multiple of 17?
False
Does 5 divide 586?
False
Is 16 a factor of 8742?
False
Is 20 a multiple of 2?
True
Does 99 divide 34287?
False
Is 2772 a multiple of 99?
True
Does 45 divide 1710?
True
Is 2541 a multiple of 33?
True
Does 11 divide 1416?
False
Is 2619 a multiple of 10?
False
Is 29 a factor of 290?
True
Is 2 a factor of 88?
True
Is 5133 a multiple of 59?
True
Does 8 divide 4256?
True
Is 42 a factor of 15806?
False
Does 24 divide 1296?
True
Is 2465 a multiple of 29?
True
Does 63 divide 10458?
True
Does 3 divide 4466?
False
Is 4298 a multiple of 92?
False
Is 25 a factor of 1293?
False
Is 102 a factor of 6732?
True
Is 25325 a multiple of 32?
False
Is 23 a factor of 343?
False
Is 10 a factor of 640?
True
Does 141 divide 58092?
True
Is 380 a multiple of 8?
False
Is 12792 a multiple of 26?
True
Is 594 a multiple of 27?
True
Is 4092 a multiple of 5?
False
Is 459 a multiple of 3?
True
Does 5 divide 2708?
False
Is 13 a factor of 10127?
True
Is 44913 a multiple of 5?
False
Does 60 divide 17700?
True
Is 1194 a multiple of 29?
False
Does 9 divide 3623?
False
Does 79 divide 5846?
True
Does 20 divide 511?
False
Is 5 a factor of 150?
True
Is 591 a multiple of 8?
False
Is 45 a factor of 315?
True
Is 21 a factor of 49118?
False
Does 6 divide 382?
False
Is 20 a factor of 478?
False
Does 13 divide 390?
True
Is 50580 a multiple of 36?
True
Is 288 a multiple of 6?
True
Is 105 a factor of 105?
True
Is 29874 a multiple of 44?
False
Is 47064 a multiple of 37?
True
Is 5516 a multiple of 61?
False
Does 11 divide 7897?
False
Is 20 a factor of 4055?
False
Is 69 a factor of 142?
False
Is 3824 a multiple of 14?
False
Is 9 a factor of 252?
True
Is 162 a factor of 71798?
False
Is 759 a multiple of 73?
False
Is 8 a factor of 336?
True
Is 43953 a multiple of 299?
True
Is 5 a factor of 8545?
True
Does 128 divide 19328?
True
Does 58 divide 2436?
True
Is 132 a factor of 64946?
False
Is 3 a factor of 748?
False
Is 1580 a multiple of 10?
True
Is 24 a factor of 48?
True
Is 53 a factor of 371?
True
Is 8743 even?
False
Is 350 a multiple of 50?
True
Does 381 divide 122064?
False
Is 36179 a multiple of 13?
True
Is 73 a factor of 28150?
False
Is 55 a multiple of 55?
True
Is 12 a factor of 12685?
False
Is 7 a factor of 33553?
False
Is 34 a factor of 935?
False
Does 9 divide 170?
False
Is 19818 a multiple of 27?
True
Is 360 a multiple of 61?
False
Is 72 a factor of 2160?
True
Does 32 divide 21977?
False
Does 8 divide 27242?
False
Is 33 a factor of 22007?
False
Does 73 divide 2219?
False
Does 11 divide 13354?
True
Does 20 divide 561?
False
Is 30 a factor of 11119?
False
Is 40 a factor of 2002?
False
Is 576 a multiple of 23?
False
Is 37 a factor of 763?
False
Does 57 divide 1009?
False
Does 10 divide 1152?
False
Is 10305 a multiple of 27?
False
Is 1212 a multiple of 4?
True
Is 18 a factor of 8655?
False
Is 27 a factor of 675?
True
Does 29 divide 3470?
False
Does 12 divide 6390?
False
Is 43 a factor of 375?
False
Is 1448 a multiple of 10?
False
Is 2977 a multiple of 149?
False
Is 88908 a multiple of 115?
False
Does 86 divide 2094?
False
Does 10 divide 46160?
True
Is 4 a factor of 10963?
False
Is 351 a multiple of 9?
True
Does 9 divide 1486?
False
Does 20 divide 3781?
False
Is 139 a multiple of 14?
False
Is 35427 a multiple of 49?
True
Does 251 divide 33885?
True
Is 6 a factor of 9351?
False
Is 7 a factor of 21?
True
Does 11 divide 49?
False
Is 10 a factor of 60?
True
Is 10 a factor of 980?
True
Is 11 a factor of 1034?
True
Is 953 a multiple of 42?
False
Is 12 a factor of 16937?
False
Is 166 a factor of 7802?
True
Does 66 divide 5392?
False
Does 100 divide 2900?
True
Does 193 divide 28041?
False
Is 1312 a multiple of 82?
True
Does 14 divide 93608?
False
Does 36 divide 41832?
True
Does 26 divide 234?
True
Does 9 divide 1341?
True
Is 18 a factor of 3404?
False
Is 28 a multiple of 4?
True
Is 880 a multiple of 88?
True
Does 27 divide 25213?
False
Is 2829 a multiple of 5?
False
Is 5923 a multiple of 3?
False
Is 4 a factor of 5524?
True
Is 17 a factor of 476?
True
Does 101 divide 2020?
True
Is 359 a multiple of 14?
False
Does 31 divide 3441?
True
Is 7356 a multiple of 36?
False
Is 66 a factor of 132?
True
Is 84 a multiple of 12?
True
Is 4600 a multiple of 5?
True
Is 341 a multiple of 9?
False
Does 11 divide 185?
False
Is 58 a factor of 751?
False
Does 51 divide 4356?
False
Is 79 a factor of 799?
False
Does 7 divide 5192?
False
Is 4497 a multiple of 19?
False
Is 12023 a multiple of 170?
False
Is 42539 a multiple of 103?
True
Is 13528 a multiple of 30?
False
Does 18 divide 26233?
False
Does 21 divide 1449?
True
Is 1104 a multiple of 12?
True
Is 5 a factor of 4235?
True
Is 49 a factor of 1059?
False
Does 29 divide 522?
True
Is 65856 a multiple of 21?
True
Is 950 a multiple of 14?
False
Is 3905 a multiple of 55?
True
Is 12171 a multiple of 27?
False
Is 129 a factor of 27864?
True
Is 8091 a multiple of 149?
False
Is 114 a multiple of 15?
False
Is 9576 a multiple of 21?
True
Is 3444 a multiple of 12?
True
Is 51 a factor of 4818?
False
Does 15 divide 746?
False
Is 18078 a multiple of 50?
False
Does 125 divide 2194?
False
Does 4 divide 140?
True
Does 60 divide 163261?
False
Is 11 a factor of 622?
False
Is 6 a factor of 128?
False
Is 4705 a multiple of 63?
False
Is 3 a factor of 141?
True
Does 7 divide 13699?
True
Is 1079 a multiple of 13?
True
Is 86 a factor of 15920?
False
Is 14976 a multiple of 312?
True
Is 483 a multiple of 69?
True
Does 17 divide 123985?
False
Is 14 a factor of 413?
False
Is 72 a multiple of 4?
True
Is 111 a factor of 20202?
True
Is 32 a factor of 18857?
False
Does 59 divide 4478?
False
Is 3882 a multiple of 42?
False
Does 53 divide 2968?
True
Does 77 divide 1877?
False
Does 73 divide 5256?
True
Does 19 divide 1902?
False
Is 64841 a multiple of 29?
False
Is 6810 a multiple of 33?
False
Does 15 divide 14370?
True
Is 58135 a multiple of 41?
False
Is 63 a factor of 1386?
True
Is 52 a multiple of 2?
True
Is 31718 a multiple of 283?
False
Does 9 divide 426?
False
Does 21 divide 23205?
True
Does 6 divide 762?
True
Is 39 a multiple of 3?
True
Does 41 divide 6557?
False
Is 3207 a multiple of 76?
False
Is 1596 a multiple of 3?
True
Is 23 a factor of 3584?
False
Is 19 a factor of 380?
True
D